igit of w?
0
Let l(k) = -50*k**3 + k**2 + 3*k + 1. Let y be l(-1). What is the units digit of ((-12)/(-14))/(1/y)?
2
What is the tens digit of (707/(-35))/((-3)/15)?
0
Suppose -3*a = 0, 8 = 4*u + 2*a - 8. What is the units digit of u?
4
Suppose -3*h - 5*s + 9 + 1 = 0, -4*h + 3*s - 6 = 0. Let a = h + 8. What is the units digit of a?
8
Suppose 0 = h - 63 - 120. What is the tens digit of h?
8
Suppose 3*b + 2*b - 81 = 4*p, b - 5*p - 12 = 0. Let f = b - 12. Suppose 0 = -2*c + 3*c - f*l - 2, 5*c - l = 34. What is the units digit of c?
7
Let g(p) = -2*p + 6. Let z be g(5). Let b be 45/z*8/(-3). Suppose -3*a = -0*a - b. What is the tens digit of a?
1
Let g(n) = 3*n**3 - 3*n**2 - 3*n - 1. Let j be g(3). Let i = j + -28. What is the tens digit of i?
1
Let o be 10/(-55) + 158/22. Let a(l) = -3 + o - 2*l**2 + 15*l - 3*l + 3*l**2. What is the units digit of a(-12)?
4
Let q(k) = -k**3 + 3*k**2 + 2*k + 3. Let n be q(3). Let b = n + -15. What is the units digit of 36/16*(-16)/b?
6
Let o = -144 + 98. Let u = -29 - o. What is the units digit of u?
7
Let j(p) = -p**2 - 9*p - 2. Let k be j(-4). Suppose -5*u = -4*u + 5. Let z = u + k. What is the units digit of z?
3
Let k = -21 - -13. Let r = k + 2. Let i(x) = -2*x - 9. What is the units digit of i(r)?
3
Let i be -3*1 - (-7 + 4). Let r(v) = v**2 - v + 18. What is the units digit of r(i)?
8
Suppose -t - t = -14. What is the units digit of t?
7
Suppose 2*y = 3*y + 11. Let w = y + 15. Let m = w + 0. What is the units digit of m?
4
Suppose 5*p = -k - 2*k + 26, 0 = 2*k - 4. Suppose 0 = 2*o + b - 10, p = -b + 3*b. What is the units digit of o?
4
Suppose -2*s - 6 = 5*x, -5*x + 12 + 6 = -s. Let p be ((-4)/(-6))/((-10)/(-195)). Let j = s + p. What is the units digit of j?
5
Let n(o) = o**2 + 2*o - 6. What is the units digit of n(-5)?
9
Suppose 0 = -3*h + 3*b + 9, -6 = -3*h - 0*h + 2*b. Suppose -3*i = -h*i - 33. What is the units digit of i?
1
Let l(v) be the second derivative of -v**5/20 - v**4/12 + 5*v**2/2 - 4*v. What is the units digit of l(0)?
5
Let x(v) be the third derivative of -v**6/120 + v**5/20 + v**4/6 + 5*v**3/6 + 2*v**2. What is the units digit of x(4)?
5
Suppose 4*z = -3*n - 59, -2*n - 30 = -3*z + 15. Suppose -4*s + 5 = -119. Let o = n + s. What is the tens digit of o?
1
Suppose f - 13 = -h, -5*f + 15 = -4*h - 41. What is the tens digit of (-282)/(-8) - (-9)/f?
3
Let s(r) = -r**2 + 5*r + 7. Let w(o) = o**2 - 4*o - 6. Let n(b) = -6*s(b) - 5*w(b). Let z be n(10). Let y = z - -19. What is the units digit of y?
7
Let f = -122 - -52. Let z be (-2)/3 + f/(-15). Suppose 7*k - 25 = 2*k, -3*a = z*k - 23. What is the units digit of a?
1
Let d = -12 + 39. What is the units digit of d?
7
Let q(d) = -d**3 + d - 1. Let i be q(-2). Suppose 0*j + 10 = -4*y - j, 4*j = 2*y + 14. Let m = y + i. What is the units digit of m?
2
What is the units digit of 331/9 + 34/153?
7
Let c = 26 - -140. What is the tens digit of c?
6
Suppose 0 = -a + 3*z - 8, 6*a + 40 = a + 2*z. Let y(f) = f**3 + 7*f**2 - 7*f - 2. Let x be y(a). What is the units digit of (x/4)/(-5)*2?
1
Let u(q) = 2*q**2 + 3*q - 20. What is the tens digit of u(9)?
6
What is the units digit of ((-78)/(-8) + (-6)/2)*24?
2
Let d(b) = -b**3 + 4*b**2 + 6*b + 1. Let p be d(5). Let v = 13 - p. What is the units digit of v?
7
Let m = -3 + 3. Suppose m = 2*k + 5*n - 3, -1 = k - 4*n - 9. Suppose 4 = 2*w - k. What is the units digit of w?
4
Let s be (8 + -2 + 1)*4. Let x = 9 - 19. Let y = s + x. What is the tens digit of y?
1
Let q(b) = 4*b + 12. What is the units digit of q(14)?
8
Let f(t) = t**3 - 18*t**2 + 3*t - 17. What is the tens digit of f(18)?
3
Let t = 41 + -35. What is the units digit of t?
6
Let u(j) = 5*j. Let n be u(1). Suppose n*p + 4*s = -6, s - 6 = 2*p - s. Let z = p - -3. What is the units digit of z?
1
Let j = -1 - -4. Suppose 3*k + 3*r = 18, -k - j*k = -4*r - 24. Suppose k = 3*o + 3*s, o + 2*o = 2*s + 21. What is the units digit of o?
5
Suppose -13*a + 12*a = -27. What is the units digit of a?
7
What is the tens digit of (-1 - 1) + 92/4?
2
Let a be ((-30)/4)/(3/(-4)). Suppose -16 = -3*n + 5*g, -n - 2*g - 1 = -a. Suppose n*z = 2*z + 35. What is the units digit of z?
7
Let d(n) = 2*n**2 - 5*n + 2. What is the units digit of d(7)?
5
Let s(n) be the third derivative of -n**5/60 - n**4/2 - 2*n**3/3 - n**2. What is the units digit of s(-11)?
7
Let v be 2/4 + 5/2. Suppose 0 = -c + v. What is the units digit of c?
3
Let a = -25 - -24. Let t = 14 - a. What is the units digit of t?
5
Suppose -4*i - 5*w = -70, 0 = 2*i + 3*w + 14 - 48. What is the units digit of i?
0
Suppose -w + 1 - 27 = -3*d, 0 = d - 2*w - 7. Suppose 0 = -0*n + 5*n + 2*o - d, -5*n = -o - 3. What is the units digit of -2*4*-1*n?
8
Let f be (2 - 7)*6/(-10). Suppose -f*s - 100 = s. Let v = -17 - s. What is the units digit of v?
8
Let z = 10 + -8. Suppose z*m + 0*m = 5*h - 11, -4*h = -20. What is the units digit of m?
7
Let l(v) = v - 4. Let r be l(6). Let z be (6/(-4))/(r/16). What is the units digit of 40/z*9/(-5)?
6
Let i(u) = 40*u - 10. What is the hundreds digit of i(3)?
1
Let z be 1/((-3)/9*-3). Suppose -3 - z = -2*g. What is the units digit of g?
2
Suppose -76 = -5*t - 4*n + 46, 9 = 3*n. What is the units digit of t?
2
Suppose -2*n + g + 24 = -g, -g + 1 = 0. What is the units digit of n?
3
Let o(r) = 37*r. Let l be o(1). Let p = 53 - l. What is the tens digit of p?
1
Suppose -3*t = 2*t - 65. What is the units digit of t?
3
Suppose -4*v + 173 = -5*i, 5*v = 2*i + i + 200. What is the units digit of v?
7
Let i = -7 + 21. Suppose 0 = -3*a - 77 + i. Let k = a - -29. What is the units digit of k?
8
Suppose 6*t - 4*g + 99 = t, -5*t = 3*g + 127. Let b = 53 - 21. Let h = t + b. What is the units digit of h?
9
Let q = -70 - -146. What is the units digit of q?
6
Suppose 5*j + 102 = 2*a, -3*j + 180 = 4*a - j. What is the tens digit of a?
4
Let r(p) = p**2 + 4*p - 7. Let l = -17 + 8. Let q be r(l). Suppose -3*h - 21 = -3*t, -5*t + q = 3*h - 5*h. What is the units digit of t?
8
Let z(s) = 2*s - 1. Let n be z(2). Suppose n*k + 2*d + 9 = -d, 3*d = -k - 1. What is the units digit of (-10)/k*2/1?
5
Suppose 0*i + 4*i = -3*g + 164, -2*g - i = -101. Let w = g - 31. What is the tens digit of w?
1
Let h(r) = 16*r**2 - 15*r + 49. What is the hundreds digit of h(5)?
3
Suppose -13 = -4*x + 7. Suppose -4*s = 4*y + 21 - 5, 2*y + 16 = -4*s. Let d = x + s. What is the units digit of d?
1
What is the tens digit of (-211)/(-4) + 24/(-32)?
5
Suppose 30 = 5*r + 10. Suppose -2*t + 0*t = -2*a + r, 5*t + 12 = 4*a. Let f = 4 - a. What is the units digit of f?
6
Suppose 4 = -2*a + 6. Suppose -3*z - 14 = -5*h, -3*z - 6 - a = 2*h. Let f(l) = 2*l**2 + 4*l. What is the units digit of f(z)?
6
Suppose d + d + 66 = 0. Let v be (-135)/6 - (-2)/(-4). Let k = v - d. What is the units digit of k?
0
Let g(u) = -u**3 - 10*u**2 - 11*u + 10. Let i be g(-9). Let q be (-4)/(-14) - (-33)/7. Suppose z - q*z = -i. What is the units digit of z?
7
Suppose 0 = -5*z + 34 + 46. What is the units digit of z?
6
Let j(q) = 3*q**3 + 2*q**2 - 3*q. Let y = -17 - -19. What is the units digit of j(y)?
6
Suppose 4*m + 252 = 4*w, 3*m + 2*m = -3*w + 189. What is the units digit of w?
3
Let g(c) be the first derivative of 4*c**3/3 + 2*c**2 + 2*c - 1. What is the units digit of g(-2)?
0
Let m = -11 - 17. Let u = m - -41. Suppose -5*p + u = -27. What is the units digit of p?
8
Suppose 2*z + 2 = 0, -m + 3*z = 4*z + 3. What is the tens digit of (-138)/12*m*1?
2
Suppose 4*v + 6 = -3*j, 2*j - 2*v + 8 = -6*v. Suppose j*p - 35 = -7. What is the tens digit of p?
1
Let z be (-5)/((-10)/6) - -10. What is the tens digit of (-2)/1 + z + -1?
1
Let z(r) = r**2 - 5*r - 9. What is the units digit of z(10)?
1
Let m(o) = -49*o - 1. What is the units digit of m(-1)?
8
Let b(y) = -27*y - 55. What is the hundreds digit of b(-6)?
1
Let a(o) = o - 5. Let w = 29 - 18. Let y = w - 5. What is the units digit of a(y)?
1
Let w(i) = i**3 + 8*i**2 - 5*i + 6. What is the units digit of w(-8)?
6
Suppose 5*j - j - 292 = 0. What is the tens digit of j?
7
Let y be 1 - (-6)/4*12/9. Suppose 0 = -z - 3*w + 5*w + 5, z - 5*w - 11 = 0. Suppose -z - 2 = -y*j. What is the units digit of j?
1
What is the units digit of (-3 - 0) + 360/6?
7
Suppose -5*z - 7 = -3*h - 46, 0 = 2*h + 6. Let o(f) = f**2 - f - 4. Let k be o(3). 